{"id":201,"date":"2016-01-26T20:54:17","date_gmt":"2016-01-26T20:54:17","guid":{"rendered":"http:\/\/c3.usac.edu.gt\/presupuesto.usac.edu.gt\/public_html\/?page_id=201"},"modified":"2026-03-19T18:03:32","modified_gmt":"2026-03-19T18:03:32","slug":"formularios","status":"publish","type":"page","link":"https:\/\/presupuesto.usac.edu.gt\/?page_id=201","title":{"rendered":"Sistema de Informaci\u00f3n Financiera -SIIF-"},"content":{"rendered":"\n<p>Ayuda a Tesoreros 2026<\/p>\n\n\n\n<div class=\"wp-block-buttons is-layout-flex wp-block-buttons-is-layout-flex\">\n<div class=\"wp-block-button\"><a class=\"wp-block-button__link wp-element-button\" href=\"https:\/\/presupuesto.usac.edu.gt\/wp-content\/uploads\/2026\/03\/AYUDA-A-TESOREROS-2026.xlsx\" style=\"border-top-left-radius:0px;border-top-right-radius:0px;border-bottom-left-radius:0px;border-bottom-right-radius:0px\">Descargar Formulario<\/a><\/div>\n<\/div>\n\n\n\n<p>Formulario de Solicitud de Ampliaci\u00f3n Presupuestaria 2025<\/p>\n\n\n\n<div class=\"wp-block-buttons is-layout-flex wp-block-buttons-is-layout-flex\">\n<div class=\"wp-block-button\"><a class=\"wp-block-button__link wp-element-button\" href=\"https:\/\/presupuesto.usac.edu.gt\/wp-content\/uploads\/2025\/06\/Formulario-de-Solicitud-de-Ampliacion-Presupuestaria-2025.xlsx\" style=\"border-radius:0px\">Descargar Formulario<\/a><\/div>\n<\/div>\n\n\n\n<p>Ayuda a Tesoreros 2025<\/p>\n\n\n\n<div class=\"wp-block-buttons is-layout-flex wp-block-buttons-is-layout-flex\">\n<div class=\"wp-block-button\"><a class=\"wp-block-button__link wp-element-button\" href=\"https:\/\/presupuesto.usac.edu.gt\/wp-content\/uploads\/2025\/02\/AYUDA-A-TESOREROS-2025.xlsx\" style=\"border-radius:0px\">Descargar Formulario<\/a><\/div>\n<\/div>\n\n\n\n<p><strong>Formulario de Solicitud de Ampliaci\u00f3n Presupuestaria 2023<\/strong><\/p>\n\n\n\n<div class=\"wp-block-buttons is-layout-flex wp-block-buttons-is-layout-flex\">\n<div class=\"wp-block-button\"><a class=\"wp-block-button__link wp-element-button\" href=\"https:\/\/presupuesto.usac.edu.gt\/wp-content\/uploads\/2023\/01\/Formulario-de-Solicitud-de-Ampliacion-Presupuestaria-2022-20.01.23.xlsx\" style=\"border-radius:0px\" target=\"_blank\" rel=\"noreferrer noopener\">Descargar el Formulario<\/a><\/div>\n<\/div>\n\n\n\n<p><strong>Formulario de Informe Cuatrimestral de Ingresos 2023<\/strong><\/p>\n\n\n\n<div class=\"wp-block-buttons is-layout-flex wp-block-buttons-is-layout-flex\">\n<div class=\"wp-block-button\"><a class=\"wp-block-button__link wp-element-button\" href=\"https:\/\/presupuesto.usac.edu.gt\/wp-content\/uploads\/2023\/05\/FORMATO-DE-INFORME-DE-INGRESOS-CUATRIMESTRALES.xlsx\" style=\"border-radius:0px\" target=\"_blank\" rel=\"noreferrer noopener\">Descargar el Formulario<\/a><\/div>\n<\/div>\n\n\n\n<p><strong><mark style=\"background-color:rgba(0, 0, 0, 0)\" class=\"has-inline-color has-black-color\">Ayuda a Tesoreros 2022<\/mark><\/strong><\/p>\n\n\n\n<p>C\u00e1lculo de prestaciones<\/p>\n\n\n\n<div class=\"wp-block-buttons is-layout-flex wp-block-buttons-is-layout-flex\">\n<div class=\"wp-block-button\"><a class=\"wp-block-button__link no-border-radius wp-element-button\" href=\"https:\/\/presupuesto.usac.edu.gt\/wp-content\/uploads\/2022\/03\/6.-DOCUMENTO-PARA-CALCULO-DE-PRESTACIONES-2022.xlsx\" target=\"_blank\" rel=\"noreferrer noopener\">Descargar Formulario<\/a><\/div>\n<\/div>\n\n\n\n<hr class=\"wp-block-separator has-css-opacity is-style-wide\"\/>\n\n\n\n<h3 class=\"wp-block-heading\">Ayuda a Tesoreros 2014<\/h3>\n\n\n\n<p>Documento de ayuda a tesoreros&#8230;.<\/p>\n\n\n\n<div class=\"wp-block-buttons is-layout-flex wp-block-buttons-is-layout-flex\">\n<div class=\"wp-block-button\"><a class=\"wp-block-button__link no-border-radius wp-element-button\" href=\"https:\/\/presupuesto.usac.edu.gt\/wp-content\/uploads\/2016\/01\/Ayuda-a-Tesoreros-2014.xlsx\" target=\"_blank\" rel=\"noreferrer noopener\">Descargar Documeto<\/a><\/div>\n<\/div>\n\n\n\n<hr class=\"wp-block-separator has-css-opacity is-style-wide\"\/>\n\n\n\n<ul class=\"wp-block-list\">\n<li><a href=\"https:\/\/presupuesto.usac.edu.gt\/wp-content\/uploads\/2015\/03\/Ayuda-a-Tesoreros-2015.xlsx\">Ayuda a Tesoreros <\/a><a rel=\"noreferrer noopener\" href=\"https:\/\/presupuesto.usac.edu.gt\/wp-content\/uploads\/2015\/03\/Ayuda-a-Tesoreros-2015.xlsx\" target=\"_blank\">2015<\/a><\/li>\n\n\n\n<li><a rel=\"noreferrer noopener\" href=\"https:\/\/presupuesto.usac.edu.gt\/wp-content\/uploads\/2016\/01\/Ayuda-a-Tesoreros-Incrementos-8.33-y-Bono-Mensual-2017.xlsx\" target=\"_blank\">Ayuda a Tesoreros Incrementos 8.33 y Bono Mensual 2017<\/a><\/li>\n\n\n\n<li><a rel=\"noreferrer noopener\" href=\"https:\/\/presupuesto.usac.edu.gt\/wp-content\/uploads\/2019\/01\/Ayuda-Tesoreros-2019.xlsx\" target=\"_blank\">Ayuda Tesoreros 2019<\/a><\/li>\n\n\n\n<li><a href=\"https:\/\/presupuesto.usac.edu.gt\/wp-content\/uploads\/2026\/02\/Reporte-por-Compra-de-Propiedad-Planta-Equipo-e-Intangibles-adquiridos.xls\" target=\"_blank\" rel=\"noreferrer noopener\">REPORTE DE COMPRA DE PROPIEDAD, PLANTA Y EQUIPO E INTANGIBLE<\/a><\/li>\n\n\n\n<li><a rel=\"noreferrer noopener\" href=\"https:\/\/presupuesto.usac.edu.gt\/wp-content\/uploads\/2020\/01\/Solicitud-de-Reprogramaci\u00f3n.xls\" target=\"_blank\">Solicitud de Reprogramaci\u00f3n<\/a><\/li>\n\n\n\n<li><a rel=\"noreferrer noopener\" href=\"https:\/\/presupuesto.usac.edu.gt\/wp-content\/uploads\/2020\/02\/Solicitud-de-Reprogramaci\u00f3n-2020.xls\" target=\"_blank\">Solicitud-de-Reprogramaci\u00f3n 2020<\/a><\/li>\n\n\n\n<li><a rel=\"noreferrer noopener\" href=\"https:\/\/presupuesto.usac.edu.gt\/wp-content\/uploads\/2016\/01\/MEDICION-CARGA-ACADEMICA.xls\" target=\"_blank\">MEDICION CARGA ACADEMICA<\/a><\/li>\n\n\n\n<li><a rel=\"noreferrer noopener\" href=\"https:\/\/presupuesto.usac.edu.gt\/wp-content\/uploads\/2016\/01\/Formulario-para-informe-de-avance-fisico-del-plan-de-inversion.xlsx\" target=\"_blank\">Formulario para informe de avance fisico del plan de inversion<\/a><\/li>\n<\/ul>\n\n\n\n<p><\/p>\n","protected":false},"excerpt":{"rendered":"<p>Ayuda a Tesoreros 2026 Formulario de Solicitud de Ampliaci\u00f3n Presupuestaria 2025 Ayuda a Tesoreros 2025 Formulario de Solicitud de Ampliaci\u00f3n Presupuestaria 2023 Formulario de Informe Cuatrimestral de Ingresos 2023 Ayuda a Tesoreros 2022 C\u00e1lculo de prestaciones Ayuda a Tesoreros 2014 Documento de ayuda a tesoreros&#8230;.<\/p>\n","protected":false},"author":2,"featured_media":0,"parent":0,"menu_order":3,"comment_status":"open","ping_status":"open","template":"","meta":{"iawp_total_views":1206,"footnotes":""},"class_list":["post-201","page","type-page","status-publish","czr-hentry"],"_links":{"self":[{"href":"https:\/\/presupuesto.usac.edu.gt\/index.php?rest_route=\/wp\/v2\/pages\/201","targetHints":{"allow":["GET"]}}],"collection":[{"href":"https:\/\/presupuesto.usac.edu.gt\/index.php?rest_route=\/wp\/v2\/pages"}],"about":[{"href":"https:\/\/presupuesto.usac.edu.gt\/index.php?rest_route=\/wp\/v2\/types\/page"}],"author":[{"embeddable":true,"href":"https:\/\/presupuesto.usac.edu.gt\/index.php?rest_route=\/wp\/v2\/users\/2"}],"replies":[{"embeddable":true,"href":"https:\/\/presupuesto.usac.edu.gt\/index.php?rest_route=%2Fwp%2Fv2%2Fcomments&post=201"}],"version-history":[{"count":78,"href":"https:\/\/presupuesto.usac.edu.gt\/index.php?rest_route=\/wp\/v2\/pages\/201\/revisions"}],"predecessor-version":[{"id":2841,"href":"https:\/\/presupuesto.usac.edu.gt\/index.php?rest_route=\/wp\/v2\/pages\/201\/revisions\/2841"}],"wp:attachment":[{"href":"https:\/\/presupuesto.usac.edu.gt\/index.php?rest_route=%2Fwp%2Fv2%2Fmedia&parent=201"}],"curies":[{"name":"wp","href":"https:\/\/api.w.org\/{rel}","templated":true}]}}